{"id":22489,"date":"2025-08-04T08:34:47","date_gmt":"2025-08-04T08:34:47","guid":{"rendered":"https:\/\/www.hanger-tools.com\/?product=projecteur-chantier-led-10-w-sur-batterie-lithium-hanger-170500"},"modified":"2025-10-31T09:29:39","modified_gmt":"2025-10-31T09:29:39","slug":"projecteur-chantier-led-10-w-sur-batterie-lithium-hanger-170500","status":"publish","type":"product","link":"https:\/\/www.hanger-tools.fr\/?product=projecteur-chantier-led-10-w-sur-batterie-lithium-hanger-170500","title":{"rendered":"Projecteur chantier LED 10 W sur batterie Lithium HANGER 170500"},"content":{"rendered":"<p>Le projecteur de chantier LED est l\u2019alli\u00e9 parfait pour les travaux en int\u00e9rieur comme en ext\u00e9rieur. Avec une puissance lumineuse de 550 lumens, il offre un \u00e9clairage accru, m\u00eame dans les environnements les plus sombres. Gr\u00e2ce \u00e0 son inclinaison r\u00e9glable sur 120\u00b0, ce projecteur garantit une couverture lumineuse adapt\u00e9e \u00e0 tous les besoins, qu\u2019il s\u2019agisse de travaux de pr\u00e9cision ou de s\u00e9curisation d\u2019un espace de chantier.<\/p>\n<p>L\u00e9ger et facile \u00e0 transporter avec un poids de seulement 1,04 kg, ce projecteur LED est \u00e9quip\u00e9 d\u2019une batterie lithium rechargeable offrant une autonomie de 3 \u00e0 4 heures. De plus, avec un temps de charge compris entre 4 et 5 heures, il est rapidement op\u00e9rationnel pour accompagner les projets sans interruption. Pour finir, con\u00e7u pour r\u00e9sister aux conditions exigeantes, son indice de protection le prot\u00e8ge contre la poussi\u00e8re et les \u00e9claboussures.<\/p>\n<p>&#038;nbsp,<\/p>\n<h3>Caract\u00e9ristiques techniques :<\/h3>\n<ul>\n<li>Inclinable 120\u00b0<\/li>\n<li>Batterie Lithium rechargeable<\/li>\n<li>Puissance&#038;nbsp,: 10 W<\/li>\n<li>Puissance d&rsquo;\u00e9clairage : 550 lumens<\/li>\n<li>Autonomie entre 3 et 4 heures<\/li>\n<li>Temps de charge entre 4 et 5 heures<\/li>\n<li>Poids&#038;nbsp,: 1,04 kg<\/li>\n<\/ul>\n","protected":false},"excerpt":{"rendered":"<p>Le projecteur de chantier LED est l\u2019alli\u00e9 parfait pour les travaux en int\u00e9rieur comme en ext\u00e9rieur. Avec une puissance lumineuse de 550 lumens, il offre un \u00e9clairage accru, m\u00eame dans les environnements les plus sombres. Gr\u00e2ce \u00e0 son inclinaison r\u00e9glable sur 120\u00b0, ce projecteur garantit une couverture lumineuse adapt\u00e9e \u00e0 tous les besoins, qu\u2019il s\u2019agisse [&hellip;]<\/p>\n","protected":false},"featured_media":22231,"template":"","meta":{"_acf_changed":false,"_et_pb_use_builder":"","_et_pb_old_content":"","_et_gb_content_width":"","_cloudinary_featured_overwrite":false},"product_brand":[],"product_cat":[15,4459],"product_tag":[4031],"class_list":{"0":"post-22489","1":"product","2":"type-product","3":"status-publish","4":"has-post-thumbnail","6":"product_cat-produits","7":"product_cat-eclairage","8":"product_tag-eclairage-de-chantier","10":"first","11":"outofstock","12":"shipping-taxable","13":"product-type-simple"},"acf":[],"amp_enabled":false,"_links":{"self":[{"href":"https:\/\/www.hanger-tools.fr\/index.php?rest_route=\/wp\/v2\/product\/22489","targetHints":{"allow":["GET"]}}],"collection":[{"href":"https:\/\/www.hanger-tools.fr\/index.php?rest_route=\/wp\/v2\/product"}],"about":[{"href":"https:\/\/www.hanger-tools.fr\/index.php?rest_route=\/wp\/v2\/types\/product"}],"wp:featuredmedia":[{"embeddable":true,"href":"https:\/\/www.hanger-tools.fr\/index.php?rest_route=\/wp\/v2\/media\/22231"}],"wp:attachment":[{"href":"https:\/\/www.hanger-tools.fr\/index.php?rest_route=%2Fwp%2Fv2%2Fmedia&parent=22489"}],"wp:term":[{"taxonomy":"product_brand","embeddable":true,"href":"https:\/\/www.hanger-tools.fr\/index.php?rest_route=%2Fwp%2Fv2%2Fproduct_brand&post=22489"},{"taxonomy":"product_cat","embeddable":true,"href":"https:\/\/www.hanger-tools.fr\/index.php?rest_route=%2Fwp%2Fv2%2Fproduct_cat&post=22489"},{"taxonomy":"product_tag","embeddable":true,"href":"https:\/\/www.hanger-tools.fr\/index.php?rest_route=%2Fwp%2Fv2%2Fproduct_tag&post=22489"}],"curies":[{"name":"wp","href":"https:\/\/api.w.org\/{rel}","templated":true}]}}