{"id":22515,"date":"2025-08-04T08:35:09","date_gmt":"2025-08-04T08:35:09","guid":{"rendered":"https:\/\/www.hanger-tools.com\/?product=huile-de-coupe-500-ml-avec-cobra-rouge-hanger-700305"},"modified":"2025-10-28T13:35:31","modified_gmt":"2025-10-28T13:35:31","slug":"huile-de-coupe-500-ml-avec-cobra-rouge-hanger-700305","status":"publish","type":"product","link":"https:\/\/www.hanger-tools.fr\/?product=huile-de-coupe-500-ml-avec-cobra-rouge-hanger-700305","title":{"rendered":"Huile de coupe 500 ml avec cobra rouge HANGER 700305"},"content":{"rendered":"<p>Cette huile de coupe de Hanger est con\u00e7ue \u00e0 base de composants min\u00e9raux raffin\u00e9s associ\u00e9s \u00e0 des additifs naturels. Son aspect liquide brun\u00e2tre et sa faible viscosit\u00e9 assurent un pouvoir mouillant \u00e9lev\u00e9, facilitant son application sur de nombreuses surfaces m\u00e9talliques. Elle est insoluble dans l\u2019eau, garantissant une tenue optimale lors des op\u00e9rations d\u2019usinage.<\/p>\n<p>Ses propri\u00e9t\u00e9s anti-usure, anti-corrosion et anti-rouille en font un produit adapt\u00e9 aux environnements industriels exigeants. L\u2019huile r\u00e9duit efficacement les frottements et pr\u00e9vient les ph\u00e9nom\u00e8nes de soudure lors de per\u00e7ages ou taraudages. Elle contribue \u00e0 prolonger la dur\u00e9e de vie des outils en limitant l&rsquo;\u00e9chauffement.<\/p>\n<p>Elle est recommand\u00e9e pour le travail de m\u00e9taux tels que l&rsquo;inox, le chrome, le cuivre, l&rsquo;aluminium ou encore la fonte. Son efficacit\u00e9 est notable dans les op\u00e9rations de filetage, de sciage, de tournage et de per\u00e7age sur petits diam\u00e8tres. Sa formulation sans chlore ni nitrites limite les risques pour les utilisateurs et les machines.<\/p>\n<p>&#038;nbsp,<\/p>\n<h3>Caract\u00e9ristiques techniques&#038;nbsp,:<\/h3>\n<ul>\n<li>Aspect : liquide brun\u00e2tre<\/li>\n<li>Solubilit\u00e9 : insoluble dans l\u2019eau<\/li>\n<li>Exempt de chlore et de nitrites<\/li>\n<li>Viscosit\u00e9 \u00e0 40 \u00b0C : 132 mm\u00b2\/s (apr\u00e8s \u00e9vaporation des solvants)<\/li>\n<li>Point d\u2019\u00e9coulement : -5 \u00b0C (apr\u00e8s \u00e9vaporation des solvants)<\/li>\n<li>Point \u00e9clair de l\u2019huile : sup\u00e9rieur \u00e0 180 \u00b0C<\/li>\n<\/ul>\n<p><b>Propri\u00e9t\u00e9s : <\/b><\/p>\n<ul>\n<li>Anticorrosion<\/li>\n<li>Anti-soudure<\/li>\n<li>Anti-usure<\/li>\n<li>Antirouille<\/li>\n<\/ul>\n<p>&#038;nbsp,<\/p>\n<h3>Composition chimique :<\/h3>\n<ul>\n<li>H222 \u2013 A\u00e9rosol extr\u00eamement inflammable<\/li>\n<li>H229 \u2013 R\u00e9cipient sous pression : peut \u00e9clater sous l\u2019effet de la chaleur<\/li>\n<li>EUH066 \u2013 L\u2019exposition r\u00e9p\u00e9t\u00e9e peut provoquer dess\u00e8chement ou ger\u00e7ures de la peau<\/li>\n<\/ul>\n<p><b>EUH208 contient :<\/b><\/p>\n<ul>\n<li>Produits de r\u00e9action de l\u2019acide bis(4-m\u00e9thylpentan-2-yl)dithiophosphorique<\/li>\n<li>Oxyde de phosphore<\/li>\n<li>Oxyde de propyl\u00e8ne<\/li>\n<li>Amines C12-14-alkyl (ramifi\u00e9es)<\/li>\n<li>Peut produire une r\u00e9action allergique<\/li>\n<\/ul>\n","protected":false},"excerpt":{"rendered":"<p>Pour une lubrification efficace des outils de coupe !<\/p>\n","protected":false},"featured_media":22176,"template":"","meta":{"_acf_changed":false,"_et_pb_use_builder":"","_et_pb_old_content":"","_et_gb_content_width":"","_cloudinary_featured_overwrite":false},"product_brand":[],"product_cat":[15],"product_tag":[4043],"class_list":{"0":"post-22515","1":"product","2":"type-product","3":"status-publish","4":"has-post-thumbnail","6":"product_cat-produits","7":"product_tag-degraissant","9":"first","10":"outofstock","11":"shipping-taxable","12":"product-type-simple"},"acf":[],"amp_enabled":false,"_links":{"self":[{"href":"https:\/\/www.hanger-tools.fr\/index.php?rest_route=\/wp\/v2\/product\/22515","targetHints":{"allow":["GET"]}}],"collection":[{"href":"https:\/\/www.hanger-tools.fr\/index.php?rest_route=\/wp\/v2\/product"}],"about":[{"href":"https:\/\/www.hanger-tools.fr\/index.php?rest_route=\/wp\/v2\/types\/product"}],"wp:featuredmedia":[{"embeddable":true,"href":"https:\/\/www.hanger-tools.fr\/index.php?rest_route=\/wp\/v2\/media\/22176"}],"wp:attachment":[{"href":"https:\/\/www.hanger-tools.fr\/index.php?rest_route=%2Fwp%2Fv2%2Fmedia&parent=22515"}],"wp:term":[{"taxonomy":"product_brand","embeddable":true,"href":"https:\/\/www.hanger-tools.fr\/index.php?rest_route=%2Fwp%2Fv2%2Fproduct_brand&post=22515"},{"taxonomy":"product_cat","embeddable":true,"href":"https:\/\/www.hanger-tools.fr\/index.php?rest_route=%2Fwp%2Fv2%2Fproduct_cat&post=22515"},{"taxonomy":"product_tag","embeddable":true,"href":"https:\/\/www.hanger-tools.fr\/index.php?rest_route=%2Fwp%2Fv2%2Fproduct_tag&post=22515"}],"curies":[{"name":"wp","href":"https:\/\/api.w.org\/{rel}","templated":true}]}}