{"id":22530,"date":"2025-08-04T08:35:22","date_gmt":"2025-08-04T08:35:22","guid":{"rendered":"https:\/\/www.hanger-tools.com\/?product=desodorisant-dambiance-citron-aerosol-de-650-ml-hanger-700901"},"modified":"2025-10-31T08:17:50","modified_gmt":"2025-10-31T08:17:50","slug":"desodorisant-dambiance-citron-aerosol-de-650-ml-hanger-700901","status":"publish","type":"product","link":"https:\/\/www.hanger-tools.fr\/?product=desodorisant-dambiance-citron-aerosol-de-650-ml-hanger-700901","title":{"rendered":"D\u00e9sodorisant d&rsquo;ambiance citron a\u00e9rosol de 650 ml HANGER 700901"},"content":{"rendered":"<p>Ce d\u00e9sodorisant est con\u00e7u avec une formule innovante permettant une diffusion homog\u00e8ne du parfum citron, assurant ainsi un rafra\u00eechissement imm\u00e9diat et durable de l\u2019air. Il agit efficacement sur les mauvaises odeurs sans laisser de r\u00e9sidus.<\/p>\n<p>L\u2019odeur agr\u00e9able du citron parfume l\u2019air de mani\u00e8re subtile et rafra\u00eechissante, tout en neutralisant les mauvaises odeurs dans les espaces int\u00e9rieurs. Son parfum l\u00e9ger et naturel cr\u00e9e une ambiance agr\u00e9able dans chaque pi\u00e8ce.<\/p>\n<p>Facile \u00e0 utiliser, ce d\u00e9sodorisant s\u2019applique en toute simplicit\u00e9. Son syst\u00e8me de pulv\u00e9risation permet une diffusion rapide et homog\u00e8ne sans retomb\u00e9es, garantissant ainsi une utilisation propre et sans tracas.<\/p>\n<p>&amp;nbsp,<\/p>\n<h3>Caract\u00e9ristiques techniques&amp;nbsp,:<\/h3>\n<ul>\n<li>Contenance&amp;nbsp,: 650 ml<\/li>\n<li>Parfum&amp;nbsp,: citron<\/li>\n<\/ul>\n","protected":false},"excerpt":{"rendered":"<p>Ce d\u00e9sodorisant est con\u00e7u avec une formule innovante permettant une diffusion homog\u00e8ne du parfum citron, assurant ainsi un rafra\u00eechissement imm\u00e9diat et durable de l\u2019air. Il agit efficacement sur les mauvaises odeurs sans laisser de r\u00e9sidus. L\u2019odeur agr\u00e9able du citron parfume l\u2019air de mani\u00e8re subtile et rafra\u00eechissante, tout en neutralisant les mauvaises odeurs dans les espaces [&hellip;]<\/p>\n","protected":false},"featured_media":22181,"template":"","meta":{"_acf_changed":false,"_et_pb_use_builder":"","_et_pb_old_content":"","_et_gb_content_width":"","_cloudinary_featured_overwrite":false},"product_brand":[],"product_cat":[15,4443,4441],"product_tag":[4060],"class_list":{"0":"post-22530","1":"product","2":"type-product","3":"status-publish","4":"has-post-thumbnail","6":"product_cat-produits","7":"product_cat-aerosols","8":"product_cat-consommables","9":"product_tag-desodorisant","11":"first","12":"outofstock","13":"shipping-taxable","14":"product-type-simple"},"acf":[],"amp_enabled":false,"_links":{"self":[{"href":"https:\/\/www.hanger-tools.fr\/index.php?rest_route=\/wp\/v2\/product\/22530","targetHints":{"allow":["GET"]}}],"collection":[{"href":"https:\/\/www.hanger-tools.fr\/index.php?rest_route=\/wp\/v2\/product"}],"about":[{"href":"https:\/\/www.hanger-tools.fr\/index.php?rest_route=\/wp\/v2\/types\/product"}],"wp:featuredmedia":[{"embeddable":true,"href":"https:\/\/www.hanger-tools.fr\/index.php?rest_route=\/wp\/v2\/media\/22181"}],"wp:attachment":[{"href":"https:\/\/www.hanger-tools.fr\/index.php?rest_route=%2Fwp%2Fv2%2Fmedia&parent=22530"}],"wp:term":[{"taxonomy":"product_brand","embeddable":true,"href":"https:\/\/www.hanger-tools.fr\/index.php?rest_route=%2Fwp%2Fv2%2Fproduct_brand&post=22530"},{"taxonomy":"product_cat","embeddable":true,"href":"https:\/\/www.hanger-tools.fr\/index.php?rest_route=%2Fwp%2Fv2%2Fproduct_cat&post=22530"},{"taxonomy":"product_tag","embeddable":true,"href":"https:\/\/www.hanger-tools.fr\/index.php?rest_route=%2Fwp%2Fv2%2Fproduct_tag&post=22530"}],"curies":[{"name":"wp","href":"https:\/\/api.w.org\/{rel}","templated":true}]}}