{"id":24149,"date":"2025-10-28T08:32:54","date_gmt":"2025-10-28T08:32:54","guid":{"rendered":"https:\/\/www.hanger-tools.com\/?product=coffret-a-emboiture-hanger-12-a-22-mm-120907-2"},"modified":"2025-10-31T09:05:15","modified_gmt":"2025-10-31T09:05:15","slug":"coffret-a-emboiture-hanger-12-a-22-mm-120907-2","status":"publish","type":"product","link":"https:\/\/www.hanger-tools.fr\/?product=coffret-a-emboiture-hanger-12-a-22-mm-120907-2","title":{"rendered":"Coffret \u00e0 embo\u00eeture HANGER 12 \u00e0 22 mm &#8211; 120907"},"content":{"rendered":"<p>Ce coffret \u00e0 embo\u00eeture de la marque Hanger est con\u00e7u pour les calibrages de tubes recuits et \u00e9crouis de\u00a0diam\u00e8tre 12 &#8211; 14 &#8211; 16 &#8211; 18 et 22 mm mais \u00e9galement pour la fabrication de r\u00e9ductions. Sa pince est faite en aluminium pour plus de robustesse, de l\u00e9g\u00e8ret\u00e9 et moins d&rsquo;usure. Gr\u00e2ce \u00e0 ce coffret \u00e0 embo\u00eeture, il offre plus d&rsquo;\u00e9conomies jusqu&rsquo;\u00e0 50 % des co\u00fbts de main d&rsquo;\u0153uvre, mat\u00e9riaux de brasage et d&rsquo;\u00e9nergie par rapport aux connexions avec raccord.<b><\/p>\n<p> <\/b><\/p>\n<p><b>Caract\u00e9ristiques techniques :<\/b><\/p>\n<ul>\n<li>Economies jusqu&rsquo;\u00e0 50 % des co\u00fbts de main d&rsquo;\u0153uvre, mat\u00e9riaux de brasage et d&rsquo;\u00e9nergie<\/li>\n<li>5 t\u00eates \u00e0 embo\u00eeture : 12 &#8211; 14 &#8211; 16 &#8211; 18 et 22 mm<\/li>\n<\/ul>\n","protected":false},"excerpt":{"rendered":"<p>nan<\/p>\n","protected":false},"featured_media":24148,"template":"","meta":{"_acf_changed":false,"_et_pb_use_builder":"","_et_pb_old_content":"","_et_gb_content_width":"","_cloudinary_featured_overwrite":false},"product_brand":[],"product_cat":[15,4450],"product_tag":[4066],"class_list":{"0":"post-24149","1":"product","2":"type-product","3":"status-publish","4":"has-post-thumbnail","6":"product_cat-produits","7":"product_cat-pinces","8":"product_tag-hanger","10":"first","11":"instock","12":"shipping-taxable","13":"purchasable","14":"product-type-simple"},"acf":[],"amp_enabled":false,"_links":{"self":[{"href":"https:\/\/www.hanger-tools.fr\/index.php?rest_route=\/wp\/v2\/product\/24149","targetHints":{"allow":["GET"]}}],"collection":[{"href":"https:\/\/www.hanger-tools.fr\/index.php?rest_route=\/wp\/v2\/product"}],"about":[{"href":"https:\/\/www.hanger-tools.fr\/index.php?rest_route=\/wp\/v2\/types\/product"}],"wp:featuredmedia":[{"embeddable":true,"href":"https:\/\/www.hanger-tools.fr\/index.php?rest_route=\/wp\/v2\/media\/24148"}],"wp:attachment":[{"href":"https:\/\/www.hanger-tools.fr\/index.php?rest_route=%2Fwp%2Fv2%2Fmedia&parent=24149"}],"wp:term":[{"taxonomy":"product_brand","embeddable":true,"href":"https:\/\/www.hanger-tools.fr\/index.php?rest_route=%2Fwp%2Fv2%2Fproduct_brand&post=24149"},{"taxonomy":"product_cat","embeddable":true,"href":"https:\/\/www.hanger-tools.fr\/index.php?rest_route=%2Fwp%2Fv2%2Fproduct_cat&post=24149"},{"taxonomy":"product_tag","embeddable":true,"href":"https:\/\/www.hanger-tools.fr\/index.php?rest_route=%2Fwp%2Fv2%2Fproduct_tag&post=24149"}],"curies":[{"name":"wp","href":"https:\/\/api.w.org\/{rel}","templated":true}]}}